t(m). Let v(q) = q**3 - 5*q**2 + 5*q - 2. Give v(o).
-5
Suppose 4*w - d + 2*d = 27, -2*d = 5*w - 30. Suppose -4 = x - w. Let m(i) = i + 5*i - 1 - 12*i - i + 5*i. What is m(x)?
-9
Suppose 299*g - 43 = 3*p + 301*g, 0 = 2*p + 4*g + 34. Let m(y) = -7*y - 1. Give m(p).
90
Suppose -4*o + 24 = 3*p, -2*o - 16*p = -19*p + 6. Let x be 0/2 + (9 - (4 - o)). Let i(n) = n + 0 - 6 + n. Calculate i(x).
10
Let b(w) be the third derivative of -w**5/60 - w**4/3 - 3*w**3/2 - w**2. Suppose -526*v + 524*v + 8 = 0. Suppose 16*d = 17*d - 4, v*r - d = -28. Determine b(r).
3
Let n(f) = -10*f**3 - 33*f**2 + 128*f - 75. Let b(l) = 7*l**3 + 22*l**2 - 90*l + 50. Let j(w) = -7*b(w) - 5*n(w). Determine j(-12).
1
Let u be 228/30*1*5. Let p(q) = u*q**2 + 4*q + 45*q**2 - 127*q**2 + 41*q**2 - 2 + 3*q**3. What is p(2)?
18
Suppose -14*i - 12*i = 9*i + 55*i. Let d(f) = 4*f + 9. Determine d(i).
9
Let a(z) = -z + 6. Let p(b) = -141*b - 990. Let t be p(-7). Determine a(t).
9
Suppose -q - 5*l + 15 = 0, -6*l + 3*l + 9 = q. Let k(n) = -32*n + 133. Let i(v) = 7*v - 31. Let u(b) = 9*i(b) + 2*k(b). Calculate u(q).
-13
Let r(u) = 2*u**2 + 22*u + 16. Let h = 3089 - 3099. Calculate r(h).
-4
Suppose -15*q + 13*q - 7*q = 45. Let h(v) = 2 - 4 + 3*v - 5*v - 5. Calculate h(q).
3
Let i(h) = -h**3 + 10*h**2 + 22*h + 14. Let c be 1*(-19 - -38) - 7. Determine i(c).
-10
Let w = -9860 + 19729/2. Let p(t) be the first derivative of 5*t + 15 + 1/3*t**3 - w*t**2. Calculate p(9).
5
Let a(t) = t**3 + 5*t**2 - t - 2. Let p = -58 + 70. Suppose p + 38 = -10*g. Determine a(g).
3
Let s(d) = -34*d - 116. Let t be ((-16)/14)/((12/(-48))/((-14)/16)). Determine s(t).
20
Suppose -19*x = -14*x - 5. Let m(d) = -x + 9 + 23*d - 12*d - 14*d. Let y(j) = -j**3 + 7*j**2 - 4*j - 6. Let o be y(6). Determine m(o).
-10
Suppose -1163*z = -1166*z + 666. Suppose 2*h + 35*h = z. Let r(j) = -j - 5. Let v(i) = -1. Let n(s) = r(s) - 2*v(s). Calculate n(h).
-9
Let w(j) = 4 + 0 - j**2 - j - 2 + 2. Let u(z) = 72*z + 291. Let x be u(-4). Calculate w(x).
-8
Let c(u) = -u**3 - 20*u**2 + 127*u + 12. Let q be c(5). Let p(f) be the first derivative of -f + q + 1/4*f**4 + f**3 - 3*f**2. Determine p(-4).
7
Let v(d) = -d**3 + 4*d**2 + 6*d + 4. Suppose -200 = b - 41*b. Calculate v(b).
9
Let c(t) = -16*t + 215. Let x be c(13). Let d(v) be the first derivative of -4*v**2 - 3 + 6*v - 1/4*v**4 + 8/3*v**3. Give d(x).
-1
Let w(x) = -5*x**2 - 10*x - 18. Suppose 197*m + 14*m + 633 = 0. What is w(m)?
-33
Let q be (15/12)/(2/8). Suppose v + 5*f = -9 - 2, -3*v + 3*f = -21. Let m(p) = -2*p - v + p + 8 - p. Determine m(q).
-6
Let d = -163235 + 163237. Let t(o) be the first derivative of o**4/4 - o**3/3 - 3*o**2/2 + 3*o - 2. Give t(d).
1
Let k(w) = -14*w - 9. Suppose -19*z + 44 + 2 = -30. Determine k(z).
-65
Let w(q) = -q + 18. Let p(l) = 2*l - 36. Suppose 0 = 2*t - t - 9. Let h(b) = t*w(b) + 4*p(b). Let o be 0/((-13)/((-65)/(-25))). Give h(o).
18
Suppose 4*v - 2*o = -20 - 6, 43 = -2*v - 5*o. Let p(n) = -12 - 16 - 2*n + 4. Let b be p(v). Let d(j) = j**2 + 7*j + 4. Determine d(b).
-2
Let j(o) = -4 - 12659*o + 6349*o + 6321*o. Determine j(-2).
-26
Let d(w) be the first derivative of w**2 + 17*w - 581. Calculate d(10).
37
Let o(f) = 71*f + 35. Let c be o(10). Let d = -763 + c. Let w(y) = y + 10. Determine w(d).
-8
Let w(s) be the second derivative of -s**4 + 7*s**3/6 - 5*s**2/2 - 190*s - 11. Determine w(2).
-39
Let a(f) = -17*f**3 - 92*f**2 - 17*f + 71. Let z(r) = 3*r**3 + 16*r**2 + 3*r - 12. Let m(s) = -4*a(s) - 23*z(s). Let n = 31 + -31. What is m(n)?
-8
Suppose -234 = -9*v + 144. Let n(z) = -2 - z - 29*z**3 + 16*z**3 + v*z**2 + 12*z**3 - 38*z**2. Calculate n(3).
4
Let s(m) = 37*m + 1157. Let j(b) = 20*b + 626. Let q(v) = -61*j(v) + 33*s(v). Suppose -t = 3*z + 9, 3*t = -4*z - z - 11. Calculate q(t).
-2
Let g(y) be the first derivative of y**3 + 6*y**2 - 454. Determine g(-5).
15
Let k = 132 - 135. Let j(c) be the first derivative of c**3/3 + c**2 - c - 140. Determine j(k).
2
Let x(m) = 10*m - 206. Let j be (3 - -3 - -1 - 22)*24/(-18). Determine x(j).
-6
Suppose -20 + 27 = -17*i - 27. Let q(n) = -15*n - 12. Give q(i).
18
Let l(s) = 4*s - 32. Let y(k) = 832*k + 2505. Let t be y(-3). Give l(t).
4
Let r(y) = 9*y**2 + 9*y + 9. Let u(l) = -l**3 - 40*l**2 + 41*l - 4. Let b be u(-41). Let s(q) = 8*q**2 + 8*q + 7. Let k(z) = b*s(z) + 3*r(z). Calculate k(-2).
-11
Suppose 0 = 15*s + 43 - 13. Let u(c) be the first derivative of -4*c**2 + c - 33. Calculate u(s).
17
Let k(b) be the first derivative of -b**6/180 - b**5/12 + 5*b**4/24 - 62*b**3 + 169. Let c(x) be the third derivative of k(x). Determine c(-5).
5
Let n(a) = -4*a + 1. Let b(u) = -77*u + 20. Let l(o) = 2*b(o) - 41*n(o). Let m be 7/9 - 2/(-9). Give l(m).
9
Let l(j) = -2*j**3 + 9*j**2 + 5*j. Let t be l(5). Let u(s) = -2*s + 4 - 8 + 6 + t*s. What is u(-3)?
8
Let s(u) be the third derivative of -u**4/3 - 23*u**3/2 - 628*u**2. What is s(-9)?
3
Let d = -2425 - -2424. Let w(t) = 24 + t + 23 - 11*t**3 - 46. Determine w(d).
11
Let o = 11260 - 11250. Let n(c) = -c - 3. What is n(o)?
-13
Suppose -25 = -2*f - 3*f. Suppose 5*l = 5*a + 4230, -f*l + 4270 = 5*a - 0*a. Let b(x) = -852*x + 0*x**2 + x**3 + 0 - 2*x**2 - 1 + l*x. Calculate b(3).
2
Let u(y) be the second derivative of y**3/3 + y**2/2 - 2*y. Suppose -570*n + 565*n - i - 24 = 0, i - 12 = 4*n. Determine u(n).
-7
Suppose 12*c = -3*c + 315. Suppose -2*b = 3*g + 13, -5*g - 3*b - c = -0*b. Let n be g + (-9)/(-3) - (-2 + 0). Let w(x) = 9*x. Calculate w(n).
18
Suppose 0 = 31*l - 34*l + 27. Let o(c) be the third derivative of c**4/24 - 3*c**3/2 - c**2 - 16*c - 2. What is o(l)?
0
Let u(k) = -k + 21. Let i(x) = x - 20. Let h(b) = -b**2 + 18*b - 76. Let r be h(8). Let a(w) = r*u(w) + 5*i(w). What is a(8)?
-8
Let l(o) = -8*o - 5. Let y(d) = 7*d + 4. Let u(p) = -3*l(p) - 4*y(p). Let j be 448/84*(0 - (-6)/8). Suppose 3*s = -b, -b + 2*s - j = s. Determine u(b).
11
Let p(n) = -4*n**3 - 85*n**2 - 64*n - 4. Let k(f) = f**3 + 21*f**2 + 16*f + 1. Let l(j) = 9*k(j) + 2*p(j). What is l(-18)?
37
Let o(m) = 3*m + 1. Let x be 0/(4 + -5 + 2). Suppose 0 = -3*w - 3*t + 9, 2*w + w - 4*t - 23 = x. Suppose k + 12 = -w*i + 3, -k + 4*i + 9 = 0. Calculate o(k).
4
Suppose -14*f - 6*f + 220 = 0. Let w(p) be the third derivative of p**5/60 - 5*p**4/12 - 5*p**3/2 - 2*p**2. Give w(f).
-4
Suppose 25*v = 34*v - 45. Let z(k) = -14*k**2 - 6*k - 1. Let a(q) = 7*q**2 + 3*q + 1. Let u(n) = v*a(n) + 2*z(n). What is u(-2)?
25
Let q(a) = -2*a - 2. Let g(c) = 4*c**2 - 21 + c**3 - 1 + 4 + 4 - 2*c. Let r be g(-4). Determine q(r).
10
Let l(b) = -b + 5. Suppose -3*s - 4*n = -68, s = 2*s + 2*n - 22. Suppose -23*o = -29*o + s. Give l(o).
1
Let c be 0 - (-10)/5 - 1. Let z(g) = 58*g**2 - 27*g**2 + 0 - 2 + c - 30*g**2. Determine z(0).
-1
Let g(i) = -2*i - 32. Let b(t) = -459*t + 5491. Let a be b(12). Calculate g(a).
2
Let c(y) be the first derivative of -y**4/4 - 5*y**3/3 - y**2/2 + 4*y - 26. Let o = -3977 - -3973. Calculate c(o).
-8
Let b(p) = -4*p**2 + 21*p + 2. Let z be ((-21)/3)/((-112)/80). Give b(z).
7
Let t be (-77)/(-6 - -5) - 1. Let j be (38/t)/((-1)/(-6)). Let s(i) = -7 + 4*i - 1 + 4. Calculate s(j).
8
Let c(g) = 15*g + 267. Let f(k) = 30*k + 407. Let v(o) = 5*c(o) - 3*f(o). Determine v(8).
-6
Let c be (-4699)/(-222) + -7*3. Let a(k) be the third derivative of 21*k**2 + 0 - 1/12*k**4 + c*k**3 + 0*k. What is a(-7)?
15
Let g(x) = -64*x**2 + 3*x - 9. Let p(d) = -77*d**2 + 3*d - 10. Let z(t) = -5*g(t) + 4*p(t). Calculate z(1).
14
Let x(g) = g**2 - 10*g - 9. Let q = 34 - -209. Let h = -235 + q. Give x(h).
-25
Let c(k) = -k**3 + 6*k**2 - 5*k - 1. Suppose -18*x = -240 - 30. Suppose 11*z - x = 8*z, -4*z = -3*f - 2. Calculate c(f).
-31
Let f(u) = 42*u - 91*u + 47*u + 7. Calculate f(3).
1
Suppose 280*f = 2*q + 282*f, q - 5*f = 0. Let m(h) = h**2 - 5*h - 2. Give m(q).
-2
Let q(w) = -20*w + 99. Suppose 0 = -2*a + 4*y - 2, -y + 30 - 17 = 2*a. Determine q(a).
-1
Suppose 0 = 5*a + 5*d, -2*a + 4*d = 2*d - 4. Suppose 0 = 2*x + i - 2 - 6, -5*x + 7 = -4*i. Let s(n) = -n - x + 3 + n**2 - 1. Determine s(a).
-1
Let c(a) = a + 2. Suppose -b = -5*z + 44, -5*b - 3 - 1 = -z. What is c(z)?
11
Suppose 59*m + 358*m = 122*m + 1475. Let j(p) = -p**3 + 5*p**2 - 2*p - 17. Calculate j(m).
-27
Let z(o) = -o**2 + 41*o + 989. Let u be z(58). Let p(r) = -r